{"id":2,"date":"2026-01-26T12:50:12","date_gmt":"2026-01-26T12:50:12","guid":{"rendered":"https:\/\/allemoncoco.re\/?page_id=2"},"modified":"2026-03-30T12:40:48","modified_gmt":"2026-03-30T12:40:48","slug":"sample-page","status":"publish","type":"page","link":"https:\/\/allemoncoco.re\/","title":{"rendered":"All\u00e9 Mon Coco"},"content":{"rendered":"\t\t<div data-elementor-type=\"wp-page\" data-elementor-id=\"2\" class=\"elementor elementor-2\" data-elementor-post-type=\"page\">\n\t\t\t\t<div class=\"elementor-element elementor-element-5c6253b e-flex e-con-boxed e-con e-parent\" data-id=\"5c6253b\" data-element_type=\"container\" data-e-type=\"container\">\n\t\t\t\t\t<div class=\"e-con-inner\">\n\t\t<div class=\"elementor-element elementor-element-a7aa1f8 e-con-full e-flex e-con e-child\" data-id=\"a7aa1f8\" data-element_type=\"container\" data-e-type=\"container\">\n\t\t\t\t<div class=\"elementor-element elementor-element-9d6a3fe elementor-widget elementor-widget-heading\" data-id=\"9d6a3fe\" data-element_type=\"widget\" data-e-type=\"widget\" data-widget_type=\"heading.default\">\n\t\t\t\t\t<h2 class=\"elementor-heading-title elementor-size-default\">All\u00e9 Mon Coco<\/h2>\t\t\t\t<\/div>\n\t\t\t\t<div class=\"elementor-element elementor-element-589c7b4 elementor-widget elementor-widget-text-editor\" data-id=\"589c7b4\" data-element_type=\"widget\" data-e-type=\"widget\" data-widget_type=\"text-editor.default\">\n\t\t\t\t\t\t\t\t\t<p><em><strong>Brunch &amp; tapas face \u00e0 la mer, dans l\u2019Est de l\u2019\u00eele de La R\u00e9union.<\/strong><\/em><\/p>\t\t\t\t\t\t\t\t<\/div>\n\t\t\t\t<div class=\"elementor-element elementor-element-b2242e2 elementor-widget elementor-widget-text-editor\" data-id=\"b2242e2\" data-element_type=\"widget\" data-e-type=\"widget\" data-widget_type=\"text-editor.default\">\n\t\t\t\t\t\t\t\t\t<p>Prenez le temps de savourer un brunch ou de partager des tapas, dans un cadre fleuri, chaleureux, avec mer, montagne et temple hindous du colosse en toile de fond.<\/p>\t\t\t\t\t\t\t\t<\/div>\n\t\t<div class=\"elementor-element elementor-element-4bc2a22 e-con-full e-flex e-con e-child\" data-id=\"4bc2a22\" data-element_type=\"container\" data-e-type=\"container\">\n\t\t\t\t<div class=\"elementor-element elementor-element-0db4b62 elementor-widget elementor-widget-button\" data-id=\"0db4b62\" data-element_type=\"widget\" data-e-type=\"widget\" data-widget_type=\"button.default\">\n\t\t\t\t\t\t\t\t\t\t<a class=\"elementor-button elementor-button-link elementor-size-sm\" href=\"#menu\">\n\t\t\t\t\t\t<span class=\"elementor-button-content-wrapper\">\n\t\t\t\t\t\t\t\t\t<span class=\"elementor-button-text\">D\u00e9couvrir les brunch <\/span>\n\t\t\t\t\t<\/span>\n\t\t\t\t\t<\/a>\n\t\t\t\t\t\t\t\t<\/div>\n\t\t\t\t<div class=\"elementor-element elementor-element-ea62466 elementor-widget elementor-widget-button\" data-id=\"ea62466\" data-element_type=\"widget\" data-e-type=\"widget\" data-widget_type=\"button.default\">\n\t\t\t\t\t\t\t\t\t\t<a class=\"elementor-button elementor-button-link elementor-size-sm\" href=\"#adresse\">\n\t\t\t\t\t\t<span class=\"elementor-button-content-wrapper\">\n\t\t\t\t\t\t\t\t\t<span class=\"elementor-button-text\">Nous trouver<\/span>\n\t\t\t\t\t<\/span>\n\t\t\t\t\t<\/a>\n\t\t\t\t\t\t\t\t<\/div>\n\t\t\t\t<\/div>\n\t\t\t\t<\/div>\n\t\t<div class=\"elementor-element elementor-element-a6d4a18 e-con-full e-flex e-con e-child\" data-id=\"a6d4a18\" data-element_type=\"container\" data-e-type=\"container\">\n\t\t\t\t<div class=\"elementor-element elementor-element-fecc0d9 elementor-widget elementor-widget-image\" data-id=\"fecc0d9\" data-element_type=\"widget\" data-e-type=\"widget\" data-widget_type=\"image.default\">\n\t\t\t\t\t\t\t\t\t\t\t\t\t\t\t<img fetchpriority=\"high\" decoding=\"async\" width=\"768\" height=\"1024\" src=\"https:\/\/allemoncoco.re\/wp-content\/uploads\/2026\/03\/WhatsApp-Image-2026-03-30-at-11.39.04-1-768x1024.jpeg\" class=\"attachment-large size-large wp-image-116\" alt=\"\" srcset=\"https:\/\/allemoncoco.re\/wp-content\/uploads\/2026\/03\/WhatsApp-Image-2026-03-30-at-11.39.04-1-768x1024.jpeg 768w, https:\/\/allemoncoco.re\/wp-content\/uploads\/2026\/03\/WhatsApp-Image-2026-03-30-at-11.39.04-1-225x300.jpeg 225w, https:\/\/allemoncoco.re\/wp-content\/uploads\/2026\/03\/WhatsApp-Image-2026-03-30-at-11.39.04-1-1152x1536.jpeg 1152w, https:\/\/allemoncoco.re\/wp-content\/uploads\/2026\/03\/WhatsApp-Image-2026-03-30-at-11.39.04-1.jpeg 1200w\" sizes=\"(max-width: 768px) 100vw, 768px\" \/>\t\t\t\t\t\t\t\t\t\t\t\t\t\t\t<\/div>\n\t\t\t\t<\/div>\n\t\t\t\t\t<\/div>\n\t\t\t\t<\/div>\n\t\t<div class=\"elementor-element elementor-element-7d30930 e-flex e-con-boxed e-con e-parent\" data-id=\"7d30930\" data-element_type=\"container\" data-e-type=\"container\" id=\"menu\" data-settings=\"{&quot;background_background&quot;:&quot;classic&quot;,&quot;shape_divider_top&quot;:&quot;curve-asymmetrical&quot;}\">\n\t\t\t\t\t<div class=\"e-con-inner\">\n\t\t\t\t<div class=\"elementor-shape elementor-shape-top\" aria-hidden=\"true\" data-negative=\"false\">\n\t\t\t<svg xmlns=\"http:\/\/www.w3.org\/2000\/svg\" viewBox=\"0 0 1000 100\" preserveAspectRatio=\"none\">\n\t<path class=\"elementor-shape-fill\" d=\"M0,0c0,0,0,6,0,6.7c0,18,240.2,93.6,615.2,92.6C989.8,98.5,1000,25,1000,6.7c0-0.7,0-6.7,0-6.7H0z\"\/>\n<\/svg>\t\t<\/div>\n\t\t<div class=\"elementor-element elementor-element-9e6f6f7 e-con-full e-flex e-con e-child\" data-id=\"9e6f6f7\" data-element_type=\"container\" data-e-type=\"container\">\n\t\t\t\t<div class=\"elementor-element elementor-element-d7795b8 elementor-widget elementor-widget-image\" data-id=\"d7795b8\" data-element_type=\"widget\" data-e-type=\"widget\" data-widget_type=\"image.default\">\n\t\t\t\t\t\t\t\t\t\t\t\t\t\t\t<img decoding=\"async\" width=\"768\" height=\"1024\" src=\"https:\/\/allemoncoco.re\/wp-content\/uploads\/2026\/03\/WhatsApp-Image-2026-03-30-at-11.39.02-768x1024.jpeg\" class=\"attachment-large size-large wp-image-111\" alt=\"\" srcset=\"https:\/\/allemoncoco.re\/wp-content\/uploads\/2026\/03\/WhatsApp-Image-2026-03-30-at-11.39.02-768x1024.jpeg 768w, https:\/\/allemoncoco.re\/wp-content\/uploads\/2026\/03\/WhatsApp-Image-2026-03-30-at-11.39.02-225x300.jpeg 225w, https:\/\/allemoncoco.re\/wp-content\/uploads\/2026\/03\/WhatsApp-Image-2026-03-30-at-11.39.02-1152x1536.jpeg 1152w, https:\/\/allemoncoco.re\/wp-content\/uploads\/2026\/03\/WhatsApp-Image-2026-03-30-at-11.39.02.jpeg 1200w\" sizes=\"(max-width: 768px) 100vw, 768px\" \/>\t\t\t\t\t\t\t\t\t\t\t\t\t\t\t<\/div>\n\t\t\t\t<\/div>\n\t\t<div class=\"elementor-element elementor-element-08c5146 e-con-full e-flex e-con e-child\" data-id=\"08c5146\" data-element_type=\"container\" data-e-type=\"container\">\n\t\t\t\t<div class=\"elementor-element elementor-element-15cd18e elementor-widget elementor-widget-heading\" data-id=\"15cd18e\" data-element_type=\"widget\" data-e-type=\"widget\" data-widget_type=\"heading.default\">\n\t\t\t\t\t<h2 class=\"elementor-heading-title elementor-size-default\">Le brunch<\/h2>\t\t\t\t<\/div>\n\t\t\t\t<div class=\"elementor-element elementor-element-33a22e9 elementor-widget elementor-widget-text-editor\" data-id=\"33a22e9\" data-element_type=\"widget\" data-e-type=\"widget\" data-widget_type=\"text-editor.default\">\n\t\t\t\t\t\t\t\t\t<p><em><strong>Du mercredi au dimanche, de 8h \u00e0 11h<\/strong><\/em><\/p>\t\t\t\t\t\t\t\t<\/div>\n\t\t\t\t<div class=\"elementor-element elementor-element-86afcc3 elementor-widget elementor-widget-text-editor\" data-id=\"86afcc3\" data-element_type=\"widget\" data-e-type=\"widget\" data-widget_type=\"text-editor.default\">\n\t\t\t\t\t\t\t\t\t<p>Le matin, nous vous proposons un brunch g\u00e9n\u00e9reux, \u00e0 d\u00e9guster seul, entre amis ou en famille.<br data-start=\"1149\" data-end=\"1152\" \/>Des recettes gourmandes, pens\u00e9es pour tous les go\u00fbts, \u00e0 savourer dans une ambiance calme et conviviale.<\/p>\t\t\t\t\t\t\t\t<\/div>\n\t\t\t\t<div class=\"elementor-element elementor-element-0f80a15 elementor-widget elementor-widget-text-editor\" data-id=\"0f80a15\" data-element_type=\"widget\" data-e-type=\"widget\" data-widget_type=\"text-editor.default\">\n\t\t\t\t\t\t\t\t\t<p><em><strong>Formules :<\/strong><\/em><\/p>\t\t\t\t\t\t\t\t<\/div>\n\t\t\t\t<div class=\"elementor-element elementor-element-c4087a5 elementor-widget elementor-widget-text-editor\" data-id=\"c4087a5\" data-element_type=\"widget\" data-e-type=\"widget\" data-widget_type=\"text-editor.default\">\n\t\t\t\t\t\t\t\t\t<ul><li data-start=\"1272\" data-end=\"1289\"><p data-start=\"1274\" data-end=\"1289\">Brunch cr\u00e9ole<\/p><\/li><li data-start=\"1290\" data-end=\"1312\"><p data-start=\"1292\" data-end=\"1312\">Brunch continental<\/p><\/li><li data-start=\"1313\" data-end=\"1332\"><p data-start=\"1315\" data-end=\"1332\">Brunch parisien<\/p><\/li><\/ul>\t\t\t\t\t\t\t\t<\/div>\n\t\t\t\t<\/div>\n\t\t\t\t\t<\/div>\n\t\t\t\t<\/div>\n\t\t<div class=\"elementor-element elementor-element-d571a3d elementor-hidden-desktop elementor-hidden-tablet elementor-hidden-mobile e-flex e-con-boxed e-con e-parent\" data-id=\"d571a3d\" data-element_type=\"container\" data-e-type=\"container\" data-settings=\"{&quot;background_background&quot;:&quot;classic&quot;,&quot;shape_divider_bottom&quot;:&quot;curve-asymmetrical&quot;}\">\n\t\t\t\t\t<div class=\"e-con-inner\">\n\t\t\t\t<div class=\"elementor-shape elementor-shape-bottom\" aria-hidden=\"true\" data-negative=\"false\">\n\t\t\t<svg xmlns=\"http:\/\/www.w3.org\/2000\/svg\" viewBox=\"0 0 1000 100\" preserveAspectRatio=\"none\">\n\t<path class=\"elementor-shape-fill\" d=\"M0,0c0,0,0,6,0,6.7c0,18,240.2,93.6,615.2,92.6C989.8,98.5,1000,25,1000,6.7c0-0.7,0-6.7,0-6.7H0z\"\/>\n<\/svg>\t\t<\/div>\n\t\t<div class=\"elementor-element elementor-element-2976928 e-con-full e-flex e-con e-child\" data-id=\"2976928\" data-element_type=\"container\" data-e-type=\"container\">\n\t\t\t\t<div class=\"elementor-element elementor-element-05fedf5 elementor-widget elementor-widget-heading\" data-id=\"05fedf5\" data-element_type=\"widget\" data-e-type=\"widget\" data-widget_type=\"heading.default\">\n\t\t\t\t\t<h2 class=\"elementor-heading-title elementor-size-default\">Les tapas<\/h2>\t\t\t\t<\/div>\n\t\t\t\t<div class=\"elementor-element elementor-element-929f56e elementor-widget elementor-widget-text-editor\" data-id=\"929f56e\" data-element_type=\"widget\" data-e-type=\"widget\" data-widget_type=\"text-editor.default\">\n\t\t\t\t\t\t\t\t\t<p><em><strong>Du mercredi au dimanche, de 17h \u00e0 21h<\/strong><\/em><\/p>\t\t\t\t\t\t\t\t<\/div>\n\t\t\t\t<div class=\"elementor-element elementor-element-bf89aad elementor-widget elementor-widget-text-editor\" data-id=\"bf89aad\" data-element_type=\"widget\" data-e-type=\"widget\" data-widget_type=\"text-editor.default\">\n\t\t\t\t\t\t\t\t\t<p>L\u2019apr\u00e8s-midi, l\u2019ambiance change doucement.<br data-start=\"1506\" data-end=\"1509\" \/>On se retrouve autour de tapas \u00e0 partager, pour prolonger le moment, discuter, et profiter de la fin de journ\u00e9e dans un cadre agr\u00e9able et d\u00e9tendu.<\/p>\t\t\t\t\t\t\t\t<\/div>\n\t\t<div class=\"elementor-element elementor-element-b970455 e-con-full e-flex e-con e-child\" data-id=\"b970455\" data-element_type=\"container\" data-e-type=\"container\">\n\t\t\t\t<div class=\"elementor-element elementor-element-a6cd4a7 elementor-widget elementor-widget-button\" data-id=\"a6cd4a7\" data-element_type=\"widget\" data-e-type=\"widget\" data-widget_type=\"button.default\">\n\t\t\t\t\t\t\t\t\t\t<a class=\"elementor-button elementor-button-link elementor-size-sm\" href=\"#\">\n\t\t\t\t\t\t<span class=\"elementor-button-content-wrapper\">\n\t\t\t\t\t\t\t\t\t<span class=\"elementor-button-text\">D\u00e9couvrir le brunch et les tapas<\/span>\n\t\t\t\t\t<\/span>\n\t\t\t\t\t<\/a>\n\t\t\t\t\t\t\t\t<\/div>\n\t\t\t\t<div class=\"elementor-element elementor-element-131f95c elementor-widget elementor-widget-button\" data-id=\"131f95c\" data-element_type=\"widget\" data-e-type=\"widget\" data-widget_type=\"button.default\">\n\t\t\t\t\t\t\t\t\t\t<a class=\"elementor-button elementor-button-link elementor-size-sm\" href=\"#\">\n\t\t\t\t\t\t<span class=\"elementor-button-content-wrapper\">\n\t\t\t\t\t\t\t\t\t<span class=\"elementor-button-text\">Nous trouver<\/span>\n\t\t\t\t\t<\/span>\n\t\t\t\t\t<\/a>\n\t\t\t\t\t\t\t\t<\/div>\n\t\t\t\t<\/div>\n\t\t\t\t<\/div>\n\t\t<div class=\"elementor-element elementor-element-26c108f e-con-full e-flex e-con e-child\" data-id=\"26c108f\" data-element_type=\"container\" data-e-type=\"container\">\n\t\t\t\t<div class=\"elementor-element elementor-element-f2b523c elementor-widget elementor-widget-image\" data-id=\"f2b523c\" data-element_type=\"widget\" data-e-type=\"widget\" data-widget_type=\"image.default\">\n\t\t\t\t\t\t\t\t\t\t\t\t\t\t\t<img decoding=\"async\" width=\"640\" height=\"853\" src=\"https:\/\/allemoncoco.re\/wp-content\/uploads\/2026\/02\/pexels-tugce-turan-275581022-27394701.jpg\" class=\"attachment-large size-large wp-image-71\" alt=\"\" srcset=\"https:\/\/allemoncoco.re\/wp-content\/uploads\/2026\/02\/pexels-tugce-turan-275581022-27394701.jpg 640w, https:\/\/allemoncoco.re\/wp-content\/uploads\/2026\/02\/pexels-tugce-turan-275581022-27394701-225x300.jpg 225w\" sizes=\"(max-width: 640px) 100vw, 640px\" \/>\t\t\t\t\t\t\t\t\t\t\t\t\t\t\t<\/div>\n\t\t\t\t<\/div>\n\t\t\t\t\t<\/div>\n\t\t\t\t<\/div>\n\t\t<div class=\"elementor-element elementor-element-3dde82c e-flex e-con-boxed e-con e-parent\" data-id=\"3dde82c\" data-element_type=\"container\" data-e-type=\"container\" id=\"adresse\">\n\t\t\t\t\t<div class=\"e-con-inner\">\n\t\t\t\t<div class=\"elementor-element elementor-element-9de9928 elementor-widget elementor-widget-heading\" data-id=\"9de9928\" data-element_type=\"widget\" data-e-type=\"widget\" data-widget_type=\"heading.default\">\n\t\t\t\t\t<h2 class=\"elementor-heading-title elementor-size-default\">Horaires et contact<\/h2>\t\t\t\t<\/div>\n\t\t<div class=\"elementor-element elementor-element-6469167 e-con-full e-flex e-con e-child\" data-id=\"6469167\" data-element_type=\"container\" data-e-type=\"container\">\n\t\t<div class=\"elementor-element elementor-element-68cf2f3 e-con-full e-flex e-con e-child\" data-id=\"68cf2f3\" data-element_type=\"container\" data-e-type=\"container\">\n\t\t\t\t<div class=\"elementor-element elementor-element-5986802 elementor-widget elementor-widget-heading\" data-id=\"5986802\" data-element_type=\"widget\" data-e-type=\"widget\" data-widget_type=\"heading.default\">\n\t\t\t\t\t<h3 class=\"elementor-heading-title elementor-size-default\">Horaires d'ouverture :<\/h3>\t\t\t\t<\/div>\n\t\t\t\t<div class=\"elementor-element elementor-element-d01d0b7 elementor-widget elementor-widget-heading\" data-id=\"d01d0b7\" data-element_type=\"widget\" data-e-type=\"widget\" data-widget_type=\"heading.default\">\n\t\t\t\t\t<div class=\"elementor-heading-title elementor-size-default\">lundi et mardi : ferm\u00e9 <\/br>\ndu mercredi au dimanche : 8h \u00e0 13h - 16h \u00e0 19h<\/div>\t\t\t\t<\/div>\n\t\t\t\t<div class=\"elementor-element elementor-element-065c4de elementor-widget elementor-widget-heading\" data-id=\"065c4de\" data-element_type=\"widget\" data-e-type=\"widget\" data-widget_type=\"heading.default\">\n\t\t\t\t\t<h3 class=\"elementor-heading-title elementor-size-default\">Adresse<\/h3>\t\t\t\t<\/div>\n\t\t\t\t<div class=\"elementor-element elementor-element-4c3780e elementor-widget elementor-widget-heading\" data-id=\"4c3780e\" data-element_type=\"widget\" data-e-type=\"widget\" data-widget_type=\"heading.default\">\n\t\t\t\t\t<div class=\"elementor-heading-title elementor-size-default\">339 Chemin Colosse 97440 Saint-Andr\u00e9<\/div>\t\t\t\t<\/div>\n\t\t\t\t<div class=\"elementor-element elementor-element-3686d8b elementor-widget elementor-widget-heading\" data-id=\"3686d8b\" data-element_type=\"widget\" data-e-type=\"widget\" data-widget_type=\"heading.default\">\n\t\t\t\t\t<h3 class=\"elementor-heading-title elementor-size-default\">Coordonn\u00e9es :<\/h3>\t\t\t\t<\/div>\n\t\t\t\t<div class=\"elementor-element elementor-element-ed85c41 elementor-widget elementor-widget-heading\" data-id=\"ed85c41\" data-element_type=\"widget\" data-e-type=\"widget\" data-widget_type=\"heading.default\">\n\t\t\t\t\t<div class=\"elementor-heading-title elementor-size-default\">0692 339 439<\/div>\t\t\t\t<\/div>\n\t\t\t\t<div class=\"elementor-element elementor-element-bcb13ab elementor-widget elementor-widget-heading\" data-id=\"bcb13ab\" data-element_type=\"widget\" data-e-type=\"widget\" data-widget_type=\"heading.default\">\n\t\t\t\t\t<div class=\"elementor-heading-title elementor-size-default\">contact@allemoncoco.re<\/div>\t\t\t\t<\/div>\n\t\t\t\t<\/div>\n\t\t<div class=\"elementor-element elementor-element-195f8e0 e-con-full e-flex e-con e-child\" data-id=\"195f8e0\" data-element_type=\"container\" data-e-type=\"container\">\n\t\t\t\t<div class=\"elementor-element elementor-element-32938e7 elementor-widget elementor-widget-google_maps\" data-id=\"32938e7\" data-element_type=\"widget\" data-e-type=\"widget\" data-widget_type=\"google_maps.default\">\n\t\t\t\t\t\t\t<div class=\"elementor-custom-embed\">\n\t\t\t<iframe loading=\"lazy\"\n\t\t\t\t\tsrc=\"https:\/\/maps.google.com\/maps?q=parc%20du%20colosse&#038;t=m&#038;z=10&#038;output=embed&#038;iwloc=near\"\n\t\t\t\t\ttitle=\"parc du colosse\"\n\t\t\t\t\taria-label=\"parc du colosse\"\n\t\t\t><\/iframe>\n\t\t<\/div>\n\t\t\t\t\t\t<\/div>\n\t\t\t\t<\/div>\n\t\t\t\t<\/div>\n\t\t\t\t\t<\/div>\n\t\t\t\t<\/div>\n\t\t\t\t<\/div>\n\t\t","protected":false},"excerpt":{"rendered":"<p>All\u00e9 Mon Coco Brunch &amp; tapas face \u00e0 la mer, dans l\u2019Est de l\u2019\u00eele de La R\u00e9union. Prenez le temps de savourer un brunch ou de partager des tapas, dans un cadre fleuri, chaleureux, avec mer, montagne et temple hindous du colosse en toile de fond. D\u00e9couvrir les brunch Nous trouver Le brunch Du mercredi [&hellip;]<\/p>\n","protected":false},"author":1,"featured_media":0,"parent":0,"menu_order":0,"comment_status":"closed","ping_status":"open","template":"","meta":{"footnotes":""},"class_list":["post-2","page","type-page","status-publish","hentry"],"_links":{"self":[{"href":"https:\/\/allemoncoco.re\/index.php?rest_route=\/wp\/v2\/pages\/2","targetHints":{"allow":["GET"]}}],"collection":[{"href":"https:\/\/allemoncoco.re\/index.php?rest_route=\/wp\/v2\/pages"}],"about":[{"href":"https:\/\/allemoncoco.re\/index.php?rest_route=\/wp\/v2\/types\/page"}],"author":[{"embeddable":true,"href":"https:\/\/allemoncoco.re\/index.php?rest_route=\/wp\/v2\/users\/1"}],"replies":[{"embeddable":true,"href":"https:\/\/allemoncoco.re\/index.php?rest_route=%2Fwp%2Fv2%2Fcomments&post=2"}],"version-history":[{"count":53,"href":"https:\/\/allemoncoco.re\/index.php?rest_route=\/wp\/v2\/pages\/2\/revisions"}],"predecessor-version":[{"id":124,"href":"https:\/\/allemoncoco.re\/index.php?rest_route=\/wp\/v2\/pages\/2\/revisions\/124"}],"wp:attachment":[{"href":"https:\/\/allemoncoco.re\/index.php?rest_route=%2Fwp%2Fv2%2Fmedia&parent=2"}],"curies":[{"name":"wp","href":"https:\/\/api.w.org\/{rel}","templated":true}]}}